 - 3*u = -s. Suppose s*j - 115 = -5*i - 0*j, 0 = 2*i - j - 33. What is the units digit of i?
9
Suppose 0 = -4*o - 0*o - 76. Let d = 28 + o. Let i = d + 13. What is the tens digit of i?
2
What is the units digit of 1/(2 + 138/(-70))?
5
Let v(d) = -d**2 - 8*d + 7. Let y be (6 - (-1 - -1)) + -2. Let z = -12 + y. What is the units digit of v(z)?
7
Let b(w) = w**2 + 10*w + 13. Let s be b(-6). Let x = 33 + s. What is the units digit of x?
2
Let l(y) = 3*y**3 - 3*y**2 - 2*y - 4. Let t(p) = 4*p**3 - 2*p**2 - 3*p - 5. Let q(c) = -3*l(c) + 2*t(c). Let h be (2/(6/15))/1. What is the units digit of q(h)?
2
Let n(w) = -13*w - 25. What is the tens digit of n(-14)?
5
Let t be (7 - 0) + 1 + -3. Suppose l + 3 - 5 = t*g, 3*g = -3*l + 60. What is the units digit of l?
7
Let w be (-106)/(-6) + (-1)/(-3). Suppose k + 6 = 3*q, 0 = q + 4*k + k - w. What is the units digit of q?
3
Let r(p) be the third derivative of p**4/24 + 7*p**3/6 + 4*p**2. What is the units digit of r(0)?
7
Let p = -8 + -6. Let t be 0/(-3 + 6) - 5. Let y = t - p. What is the units digit of y?
9
Let m(t) = -t**2 + 11*t - 15. Let g be m(11). Let q = g - -30. What is the units digit of q?
5
Suppose -19*f - 455 = -24*f. What is the units digit of f?
1
Let s = 85 + 5. What is the tens digit of s?
9
Suppose 3 + 1 = f. Suppose f*v - 42 = v. Suppose -z = -v - 6. What is the units digit of z?
0
Let c = -13 - -9. Let m be c - (2 - 0/(-1)). What is the tens digit of (-177)/(-9) - 2/m?
2
Suppose 3*o = -0*o + 42. What is the tens digit of o?
1
Let j(z) = -z**2 + 25*z + 11. What is the tens digit of j(21)?
9
Let p = 18 - 9. Let n = -1 + p. What is the units digit of n?
8
Let b = 7 + -8. What is the units digit of (2/4)/(b/(-12))?
6
Let p(r) = r - 1. Let k be 27/(-18)*22/(-3). What is the units digit of p(k)?
0
Let q(f) = f**2 - 4*f + 5. Suppose 0 = 2*b + 2, 4*w - 4*b = -2*b + 18. What is the units digit of q(w)?
5
Suppose 0 = 2*x - 0*x + o - 96, o + 42 = x. Suppose 3*f - 9 - x = -5*g, 2*g + f = 21. What is the units digit of g?
8
Let k(g) = -g - 1. Let t be k(-7). Let r(n) = -n**2 + 6*n. Let q be r(t). Let i = 3 - q. What is the units digit of i?
3
Let g(t) = t**2 - 11*t + 8. Let x be g(10). What is the units digit of x/(1/(6/(-4)))?
3
Let o be -4 - ((-3)/3 - -3). Let m(h) be the second derivative of h**4/12 + 5*h**3/6 + 2*h**2 - h. What is the units digit of m(o)?
0
Let d = -7 - -25. What is the tens digit of d?
1
Let l = -11 - -15. Suppose -l*i = -2 - 18. Suppose 0 = -i*x + 25 + 60. What is the tens digit of x?
1
Let b(r) = r**2 + 6*r - 12. Suppose 5*s - 11 = -g, g - 1 = -s - 6. What is the units digit of b(g)?
5
Let a = -50 + 73. What is the units digit of a?
3
Let q = 31 + 20. What is the tens digit of q?
5
Suppose -13*q + 110 = -11*q. What is the tens digit of q?
5
Let l(i) = 2*i**2 - 6. Suppose 2*k + 7 + 1 = 0. What is the tens digit of l(k)?
2
Let q = -4 + 7. Suppose -3*x - 32 = -4*b - 5, q*b + 4*x = -11. What is the units digit of (5 - 3)*b/2?
3
Suppose k + 2*k = 0. Suppose -5*d + 4*t + 3 = k, -d + 2*t - 6 = -t. What is the units digit of d?
3
Let y(a) = -a**2 + 3*a + 2. Let z be y(3). Suppose 4*d = g + 158, -2*g = z*g + 8. What is the tens digit of d?
3
Let y(z) = 8*z + 11. Let o be y(8). Suppose 0*r = -5*r + o. What is the units digit of r?
5
Suppose 3*r + 236 = -r. Let q = 101 + r. Suppose -w + 4*v = 2*w - q, 5*v - 15 = -3*w. What is the units digit of w?
0
Let m be 219/15 - (-8)/20. What is the units digit of (280/m)/(1/3)?
6
Let r(z) = z**3 - 2*z**2 + 2*z - 1. Let c be r(2). Suppose v + 24 = c*n - 0*v, -v - 32 = -4*n. What is the units digit of n?
8
Let q = 66 + -34. What is the units digit of q?
2
Let j = 9 + -5. Suppose -j*a = 5*z - 37, 2*z = a - 7 + 1. What is the units digit of a?
8
Let y = -47 + 83. Let r = y - 7. What is the tens digit of r?
2
Suppose o - 5*p - 8 = 0, 2*p + p - 60 = -3*o. What is the tens digit of o?
1
Let f(k) = 17*k**2 - k - 3 + 2 + 1. What is the units digit of f(-1)?
8
Let d be ((-28)/16)/((-1)/(-4)). Let z(v) = -v - 3. Let q be z(d). Suppose 5*r + 5 - 11 = c, -q*c + 2*r = -66. What is the tens digit of c?
1
Suppose 0 = 3*g - 0*g - 45. Let z be (0 - (-6)/g)*10. Suppose 0*u - z = -2*u. What is the units digit of u?
2
What is the units digit of 24/2 - ((-72)/(-9))/(-8)?
3
Suppose 4*m - 229 = 3*v, v = -1 - 2. What is the units digit of m?
5
Suppose 4*v - 24 = -4*u, 7*v - 5*u = 2*v + 40. Let m = 16 - v. What is the units digit of m?
9
Let c(s) = 5*s - 1. Suppose 0 = -5*t + 4*t. Suppose 0*i + 4*i + 2*k - 10 = t, -2 = 2*k. What is the units digit of c(i)?
4
Let b = 19 - 11. What is the units digit of 46/b + (-7)/(-28)?
6
Let l(c) = 4*c**2 + 21*c - 15. What is the tens digit of l(-10)?
7
Let y be -2 + 8 + -3 + 2. Let b(d) = d**2 - 5*d + 1. What is the units digit of b(y)?
1
Let d = 1 - -4. Let m = 7 + -3. Suppose 4*r - d*o = 51, r - m*o = 3*r - 6. What is the units digit of r?
9
Let b = -139 - -246. What is the units digit of b?
7
What is the units digit of (-28)/21*(-9)/2?
6
Let b = 0 - -24. What is the units digit of b?
4
Let g = 2 + -2. Let j be g/(1/2*4). Suppose -2*u - 1 = -q - j*q, 0 = -4*q - u + 40. What is the units digit of q?
9
Suppose -d + 9 = v - 0*d, -2*d + 2 = -2*v. What is the units digit of v?
4
Let v(w) = 105*w - 3. What is the units digit of v(2)?
7
Let a = -8 + 13. Suppose 0 = 2*l + 1 - a. Suppose l*g = 6*g - 12. What is the units digit of g?
3
Let z(v) = -29*v - 1. What is the units digit of z(-7)?
2
Suppose 4*z = 0, -4*o + 4*z + 100 = -z. What is the units digit of o?
5
Suppose 7 = f + 5. Let l = 9 - f. What is the units digit of l?
7
Suppose 8*g = 5*g. Suppose 0 = -6*x + x + 20. Suppose 49 = x*w + 4*h + 17, -3*h + 3 = g. What is the units digit of w?
7
Suppose 3*y = -3*x + 6*x + 9, 4*y = -3*x - 16. What is the tens digit of ((-40)/y)/2 + -3?
1
Suppose -a = l - 7, 4*a - 19 = 1. Suppose -l*w = c - 8, 3*w - 6*w + 26 = 5*c. What is the units digit of c?
4
Let v(x) = x**2 - 18*x + 2. Let u be v(18). Suppose -3*f = -5*b + 86, -u*f - f = 5*b - 104. What is the tens digit of b?
1
Suppose 2*w + 204 = 5*w. What is the units digit of w?
8
Let f(q) = 42*q - 52. What is the hundreds digit of f(9)?
3
Suppose -5*s + 2*s + 9 = 0. Suppose s*q - j - 64 = 4*j, -q + j = -18. What is the tens digit of q?
1
Let q = 0 - -2. Let b = 4 - q. What is the units digit of b?
2
What is the units digit of ((-1)/((-2)/(-3)))/((-51)/1564)?
6
Let z = -7 - -4. Let f = 3 + z. Suppose j + f - 5 = 0. What is the units digit of j?
5
Let q be ((-2)/(-6))/(1/9). Suppose -6 = -3*y + 2*g + 2, q*y - 1 = -5*g. Suppose -y*b + 24 = b. What is the units digit of b?
8
Suppose 55 - 7 = 2*w. Let g be w/(-2)*(-1)/3. Suppose 4*i + 3*d = 61, -g*d + 71 = 5*i - 2*d. What is the units digit of i?
3
Suppose 0 = -5*o + 54 + 66. What is the units digit of o?
4
Let r(z) = 6 - 5 + 3 + 3 - 5*z. Let y be r(-5). Suppose 4*j - f - y = 0, -f = j - 0*f - 8. What is the units digit of j?
8
Let i(f) = -f**3 + 14*f**2 + 2*f - 32. Let c be i(14). Suppose 10*m - 5*m + 3*n = -12, -3*m + 5*n - 14 = 0. Let d = m - c. What is the units digit of d?
1
Let m be 5 + 1 + -1 + -2. Suppose m*b - 18 = -0*b. What is the units digit of b?
6
Suppose -2*g = -3*g + 12. What is the units digit of 20*(2 - 21/g)?
5
Suppose 3*l - 34 = -7. What is the units digit of (-2 - l)/(-1) - -2?
3
Suppose 216 = 3*p - 2*d, 0*p = -4*p + 3*d + 288. What is the tens digit of p?
7
Let d(k) = k**2 + k + 10. Let h be d(0). Let s be 3/(-6) + h/4. Let t(f) = f**3 - f**2 - f. What is the units digit of t(s)?
2
Suppose 3*c - 212 = -c. What is the tens digit of c?
5
Suppose 0*j - v - 78 = -2*j, -5*j - 5*v + 195 = 0. What is the units digit of j?
9
Let i(r) = 2*r**2 - 4*r - 4. Suppose 3*v = -2*v + 3*x + 40, -20 = 4*x. Let m be i(v). Suppose 3*n + m = 5*n. What is the tens digit of n?
1
Let o(j) = -37*j - 1. What is the tens digit of o(-1)?
3
Suppose 3*c = c + 12. Let a be -1 + 1 - (-1 - -11). What is the units digit of (-66)/a + c/15?
7
Let j(t) = -t**2 - t + 6. Let y be j(0). Let o(c) = c**3 - 6*c**2. Let b be o(y). Suppose 0 = l - 2*k - 7, b*k = 5*l - 4*k - 47. What is the tens digit of l?
1
Suppose 0 = c + 10 - 11. Let r = 0 + c. What is the units digit of r?
1
Suppose -3*k + 306 + 126 = 0. What is the units digit of k?
4
Suppose -5 = -5*u, -6*q + 3*u + 101 = -2*q